{"id":50,"date":"2020-10-25T18:34:41","date_gmt":"2020-10-25T17:34:41","guid":{"rendered":"https:\/\/concess.transport-manager.net\/evobus\/?page_id=50"},"modified":"2025-04-27T19:18:38","modified_gmt":"2025-04-27T17:18:38","slug":"location-avec-option-dachat","status":"publish","type":"page","link":"https:\/\/concess.transport-manager.net\/evobus\/location-avec-option-dachat\/","title":{"rendered":"Location avec Option d&rsquo;Achat"},"content":{"rendered":"\n<figure class=\"wp-block-image size-large is-style-default\"><img loading=\"lazy\" decoding=\"async\" width=\"1024\" height=\"177\" src=\"https:\/\/concess.transport-manager.net\/evobus\/wp-content\/uploads\/sites\/2\/2020\/10\/LOA_entete-1024x177.png\" alt=\"\" class=\"wp-image-133\" srcset=\"https:\/\/concess.transport-manager.net\/evobus\/wp-content\/uploads\/sites\/2\/2020\/10\/LOA_entete-1024x177.png 1024w, https:\/\/concess.transport-manager.net\/evobus\/wp-content\/uploads\/sites\/2\/2020\/10\/LOA_entete-300x52.png 300w, https:\/\/concess.transport-manager.net\/evobus\/wp-content\/uploads\/sites\/2\/2020\/10\/LOA_entete-768x133.png 768w, https:\/\/concess.transport-manager.net\/evobus\/wp-content\/uploads\/sites\/2\/2020\/10\/LOA_entete-1536x266.png 1536w, https:\/\/concess.transport-manager.net\/evobus\/wp-content\/uploads\/sites\/2\/2020\/10\/LOA_entete-2048x355.png 2048w\" sizes=\"auto, (max-width: 1024px) 100vw, 1024px\" \/><\/figure>\n\n\n\n<p class=\"has-text-align-center\">La concession vous propose la Location avec Option d&rsquo;Achat (LOA). Le principe est simple : vous louez des v\u00e9hicules, dont la configuration vous est laiss\u00e9e libre, pendant 6, 9 ou 12 mois. Durant cette p\u00e9riode vous payez une partie de la valeur de ces v\u00e9hicules et \u00e0 l&rsquo;issue de la p\u00e9riode de location, vous avez le choix ou non de lever l&rsquo;Option d&rsquo;Achat pour le montant restant \u00e0 payer et ainsi acqu\u00e9rir les v\u00e9hicules.<\/p>\n\n\n\n<p class=\"has-text-align-center\">La Location avec Option d&rsquo;Achat est disponible sur tout les catalogues de v\u00e9hicules neufs : <a href=\"https:\/\/concess.transport-manager.net\/evobus\/bus-vehicules-neufs\/\" data-type=\"page\" data-id=\"347\">bus <\/a>et <a href=\"https:\/\/concess.transport-manager.net\/evobus\/car-vehicules-neufs\/\" data-type=\"page\" data-id=\"561\">cars<\/a><\/p>\n\n\n\n<div class=\"wp-block-buttons is-horizontal is-content-justification-center is-layout-flex wp-container-core-buttons-is-layout-499968f5 wp-block-buttons-is-layout-flex\">\n<div class=\"wp-block-button\"><a class=\"wp-block-button__link has-background wp-element-button\" href=\"https:\/\/docs.google.com\/forms\/d\/e\/1FAIpQLSfMVFdt5d58YnwhnKkhNRUhqWQXkFRe6ehzpsNl3X6isvKxhA\/viewform\" style=\"border-radius:50px;background-color:#1c3359\" target=\"_blank\" rel=\"noreferrer noopener\"><strong>DEMANDE DE DEVIS &#8211; BUS<\/strong><\/a><\/div>\n<\/div>\n\n\n\n<div class=\"wp-block-buttons is-horizontal is-content-justification-center is-layout-flex wp-container-core-buttons-is-layout-499968f5 wp-block-buttons-is-layout-flex\">\n<div class=\"wp-block-button\"><a class=\"wp-block-button__link has-background wp-element-button\" href=\"https:\/\/docs.google.com\/forms\/d\/e\/1FAIpQLSfOm-cD3iRSZsyUNZIIog6VpEEC3TKnXZtxSZhPmvIk564krA\/viewform\" style=\"border-radius:50px;background-color:#1c3359\" target=\"_blank\" rel=\"noreferrer noopener\"><strong>DEMANDE DE DEVIS &#8211; CAR<\/strong><\/a><\/div>\n<\/div>\n\n\n\n<h3 class=\"wp-block-heading has-text-align-center\"><strong>Les tarifs<\/strong><\/h3>\n\n\n\n<p class=\"has-text-align-center\"><strong>Location sur 6 mois<\/strong><br>7% du prix des v\u00e9hicules par mois<br>Option d\u2019achat : 58% du prix des v\u00e9hicules<\/p>\n\n\n\n<p class=\"has-text-align-center\"><strong>Location sur 9 mois<\/strong><br>6% du prix des v\u00e9hicules par mois<br>Option d\u2019achat : 46% du prix des v\u00e9hicules<\/p>\n\n\n\n<p class=\"has-text-align-center\"><strong>Location sur 12 mois<\/strong><br>5,5% du prix des v\u00e9hicules par mois<br>Option d\u2019achat : 34% du prix des v\u00e9hicules<\/p>\n\n\n\n<hr class=\"wp-block-separator has-text-color has-base-color has-alpha-channel-opacity has-base-background-color has-background\" \/>\n\n\n\n<figure class=\"wp-block-image size-full\"><img loading=\"lazy\" decoding=\"async\" width=\"1920\" height=\"382\" src=\"https:\/\/concess.transport-manager.net\/evobus\/wp-content\/uploads\/sites\/2\/2024\/10\/loa_title-1.png\" alt=\"\" class=\"wp-image-2405\" srcset=\"https:\/\/concess.transport-manager.net\/evobus\/wp-content\/uploads\/sites\/2\/2024\/10\/loa_title-1.png 1920w, https:\/\/concess.transport-manager.net\/evobus\/wp-content\/uploads\/sites\/2\/2024\/10\/loa_title-1-300x60.png 300w, https:\/\/concess.transport-manager.net\/evobus\/wp-content\/uploads\/sites\/2\/2024\/10\/loa_title-1-1024x204.png 1024w, https:\/\/concess.transport-manager.net\/evobus\/wp-content\/uploads\/sites\/2\/2024\/10\/loa_title-1-768x153.png 768w, https:\/\/concess.transport-manager.net\/evobus\/wp-content\/uploads\/sites\/2\/2024\/10\/loa_title-1-1536x306.png 1536w\" sizes=\"auto, (max-width: 1920px) 100vw, 1920px\" \/><\/figure>\n\n\n\n<figure class=\"wp-block-gallery has-nested-images columns-default is-cropped wp-block-gallery-1 is-layout-flex wp-block-gallery-is-layout-flex\">\n<figure class=\"wp-block-image size-full\"><img loading=\"lazy\" decoding=\"async\" width=\"1680\" height=\"945\" data-id=\"2408\" src=\"https:\/\/concess.transport-manager.net\/evobus\/wp-content\/uploads\/sites\/2\/2024\/10\/loa_t-3.png\" alt=\"\" class=\"wp-image-2408\" srcset=\"https:\/\/concess.transport-manager.net\/evobus\/wp-content\/uploads\/sites\/2\/2024\/10\/loa_t-3.png 1680w, https:\/\/concess.transport-manager.net\/evobus\/wp-content\/uploads\/sites\/2\/2024\/10\/loa_t-3-300x169.png 300w, https:\/\/concess.transport-manager.net\/evobus\/wp-content\/uploads\/sites\/2\/2024\/10\/loa_t-3-1024x576.png 1024w, https:\/\/concess.transport-manager.net\/evobus\/wp-content\/uploads\/sites\/2\/2024\/10\/loa_t-3-768x432.png 768w, https:\/\/concess.transport-manager.net\/evobus\/wp-content\/uploads\/sites\/2\/2024\/10\/loa_t-3-1536x864.png 1536w\" sizes=\"auto, (max-width: 1680px) 100vw, 1680px\" \/><\/figure>\n<\/figure>\n\n\n\n<figure class=\"wp-block-gallery has-nested-images columns-default is-cropped wp-block-gallery-2 is-layout-flex wp-block-gallery-is-layout-flex\"><\/figure>\n\n\n\n<div style=\"height:50px\" aria-hidden=\"true\" class=\"wp-block-spacer\"><\/div>\n\n\n\n<div class=\"wp-block-buttons is-horizontal is-content-justification-center is-layout-flex wp-container-core-buttons-is-layout-499968f5 wp-block-buttons-is-layout-flex\">\n<div class=\"wp-block-button has-custom-width wp-block-button__width-50\"><a class=\"wp-block-button__link has-white-color has-text-color has-background wp-element-button\" href=\"https:\/\/evobus.vercel.app\/index.html\" style=\"background-color:#1c3359\"><strong>ACC\u00c9DER AU SIMULATEUR<\/strong><\/a><\/div>\n<\/div>\n\n\n\n<p><\/p>\n","protected":false},"excerpt":{"rendered":"<p>La concession vous propose la Location avec Option d&rsquo;Achat (LOA). Le principe est simple : vous louez des v\u00e9hicules, dont la configuration vous est laiss\u00e9e libre, pendant 6, 9 ou 12 mois. Durant cette p\u00e9riode vous payez une partie de la valeur de ces v\u00e9hicules et \u00e0 l&rsquo;issue de la p\u00e9riode de location, vous avez &#8230; <a title=\"Location avec Option d&rsquo;Achat\" class=\"read-more\" href=\"https:\/\/concess.transport-manager.net\/evobus\/location-avec-option-dachat\/\" aria-label=\"En savoir plus sur Location avec Option d&rsquo;Achat\">Lire la suite<\/a><\/p>\n","protected":false},"author":18,"featured_media":0,"parent":0,"menu_order":0,"comment_status":"closed","ping_status":"closed","template":"","meta":{"footnotes":""},"class_list":["post-50","page","type-page","status-publish"],"_links":{"self":[{"href":"https:\/\/concess.transport-manager.net\/evobus\/wp-json\/wp\/v2\/pages\/50","targetHints":{"allow":["GET"]}}],"collection":[{"href":"https:\/\/concess.transport-manager.net\/evobus\/wp-json\/wp\/v2\/pages"}],"about":[{"href":"https:\/\/concess.transport-manager.net\/evobus\/wp-json\/wp\/v2\/types\/page"}],"author":[{"embeddable":true,"href":"https:\/\/concess.transport-manager.net\/evobus\/wp-json\/wp\/v2\/users\/18"}],"replies":[{"embeddable":true,"href":"https:\/\/concess.transport-manager.net\/evobus\/wp-json\/wp\/v2\/comments?post=50"}],"version-history":[{"count":27,"href":"https:\/\/concess.transport-manager.net\/evobus\/wp-json\/wp\/v2\/pages\/50\/revisions"}],"predecessor-version":[{"id":2688,"href":"https:\/\/concess.transport-manager.net\/evobus\/wp-json\/wp\/v2\/pages\/50\/revisions\/2688"}],"wp:attachment":[{"href":"https:\/\/concess.transport-manager.net\/evobus\/wp-json\/wp\/v2\/media?parent=50"}],"curies":[{"name":"wp","href":"https:\/\/api.w.org\/{rel}","templated":true}]}}