{"id":1438,"date":"2024-04-02T19:39:42","date_gmt":"2024-04-02T17:39:42","guid":{"rendered":"https:\/\/concess.transport-manager.net\/mvmate\/?page_id=1438"},"modified":"2024-04-02T19:43:13","modified_gmt":"2024-04-02T17:43:13","slug":"a-la-une-1er-trimestre-2024","status":"publish","type":"page","link":"https:\/\/concess.transport-manager.net\/mvmate\/bienvenue-chez-mv-mate\/a-la-une-1er-trimestre-2024\/","title":{"rendered":"A la Une &#8211; 1er trimestre 2024"},"content":{"rendered":"\n<p>Cher joueur &amp; client MV Mate,<br><br>Le premier trimestre viens de s&rsquo;achever pour en ouvrir un nouveau \u00e0 vos c\u00f4t\u00e9s !<br>Mais tout d&rsquo;abord, faisons un point sur ce qu&rsquo;il sais passer depuis le d\u00e9but de l&rsquo;ann\u00e9e !<\/p>\n\n\n\n<p>En cette ann\u00e9e 2024, des changements sont op\u00e9r\u00e9s dans votre concession Man. Toujours dans le but d&rsquo;\u00eatre plus proche de vous et de vous accompagner au mieux.<\/p>\n\n\n\n<p><strong>En janvier<\/strong> : Les soldes d&rsquo;hiver on eux un tr\u00e8s grand succ\u00e8s chez tous les concessionnaires ! Alors merci \u00e0 tous de vos diff\u00e9rents achats.<br>Pour la concession Man, ceux sont 240 v\u00e9hicules NEUF et 38 v\u00e9hicules d&rsquo;OCCASION vendu !<br>Il y a eu aussi la refonte des CGV, plus clair, plus lisible, il vous permet de trouvez facilement ce qui pourrais vous int\u00e9ressez.<br><br><strong>En f\u00e9vrier<\/strong> : l&rsquo;arriv\u00e9e de nouveaux v\u00e9hicules dans le service location montre \u00e0 quelle point celui-ci \u00e0 toutes sont importances dans le d\u00e9veloppement de votre entreprise !<br>En moyenne sur 171 v\u00e9hicules que compose le parc depuis f\u00e9vrier, ces plus de 80 % en moyenne du parc qui est en location. Merci \u00e0 vous au quotidien. Des nouveaux v\u00e9hicules on fais leurs apparitions principalement l&rsquo;arriv\u00e9 de 20 cars.<br>Le renouv\u00e8lement de la flotte actuelle continue pour vous proposez toujours des v\u00e9hicules fiables et moins de kilom\u00e8tres !<br>Dans ce nouveau trimestre ce n&rsquo;est pas moins de 60 v\u00e9hicules qui vont \u00eatre progressivement remplacer au fur et \u00e0 mesure.<\/p>\n\n\n\n<p><strong>En mars<\/strong> : Le lancement de vente priv\u00e9es, issue de v\u00e9hicule de reprise des joueurs.<br>Chaque bimestre, des nouveaux v\u00e9hicules feront leur apparition ! Restez \u00e0 l&rsquo;affut !<br><br>En chiffre, les ventes du premier trimestre !<br><\/p>\n\n\n<div class=\"wp-block-image\">\n<figure class=\"aligncenter size-full is-resized\"><img loading=\"lazy\" decoding=\"async\" width=\"827\" height=\"491\" src=\"https:\/\/concess.transport-manager.net\/mvmate\/wp-content\/uploads\/sites\/7\/2024\/04\/image.png\" alt=\"\" class=\"wp-image-1439\" style=\"width:489px;height:auto\" srcset=\"https:\/\/concess.transport-manager.net\/mvmate\/wp-content\/uploads\/sites\/7\/2024\/04\/image.png 827w, https:\/\/concess.transport-manager.net\/mvmate\/wp-content\/uploads\/sites\/7\/2024\/04\/image-300x178.png 300w, https:\/\/concess.transport-manager.net\/mvmate\/wp-content\/uploads\/sites\/7\/2024\/04\/image-768x456.png 768w\" sizes=\"auto, (max-width: 827px) 100vw, 827px\" \/><\/figure>\n<\/div>\n\n\n<p>Dans les prochains mois, les changements continueront \u00e0 op\u00e9rer.<br>Le site de la concession sera revu, les ventes Flash MV Mate, le programme de fid\u00e9lit\u00e9 revu (avec votre participation, plus de d\u00e9tail bient\u00f4t), est qui sais peut-\u00eatre la LLD !<br><br>Merci de votre pr\u00e9sence encore une fois \u00e0 vous au quotidien sur le serveur Discord, le forum ainsi que le jeu !<br>On se retrouve en juillet pour un nouveau num\u00e9ro A la Une \ud83d\ude42<\/p>\n","protected":false},"excerpt":{"rendered":"<p>Cher joueur &amp; client MV Mate, Le premier trimestre viens de s&rsquo;achever pour en ouvrir un nouveau \u00e0 vos c\u00f4t\u00e9s !Mais tout d&rsquo;abord, faisons un point sur ce qu&rsquo;il sais passer depuis le d\u00e9but de l&rsquo;ann\u00e9e ! En cette ann\u00e9e 2024, des changements sont op\u00e9r\u00e9s dans votre concession Man. Toujours [&hellip;]<\/p>\n","protected":false},"author":22,"featured_media":0,"parent":13,"menu_order":2,"comment_status":"closed","ping_status":"closed","template":"","meta":{"footnotes":""},"class_list":["post-1438","page","type-page","status-publish","hentry"],"_links":{"self":[{"href":"https:\/\/concess.transport-manager.net\/mvmate\/wp-json\/wp\/v2\/pages\/1438","targetHints":{"allow":["GET"]}}],"collection":[{"href":"https:\/\/concess.transport-manager.net\/mvmate\/wp-json\/wp\/v2\/pages"}],"about":[{"href":"https:\/\/concess.transport-manager.net\/mvmate\/wp-json\/wp\/v2\/types\/page"}],"author":[{"embeddable":true,"href":"https:\/\/concess.transport-manager.net\/mvmate\/wp-json\/wp\/v2\/users\/22"}],"replies":[{"embeddable":true,"href":"https:\/\/concess.transport-manager.net\/mvmate\/wp-json\/wp\/v2\/comments?post=1438"}],"version-history":[{"count":2,"href":"https:\/\/concess.transport-manager.net\/mvmate\/wp-json\/wp\/v2\/pages\/1438\/revisions"}],"predecessor-version":[{"id":1441,"href":"https:\/\/concess.transport-manager.net\/mvmate\/wp-json\/wp\/v2\/pages\/1438\/revisions\/1441"}],"up":[{"embeddable":true,"href":"https:\/\/concess.transport-manager.net\/mvmate\/wp-json\/wp\/v2\/pages\/13"}],"wp:attachment":[{"href":"https:\/\/concess.transport-manager.net\/mvmate\/wp-json\/wp\/v2\/media?parent=1438"}],"curies":[{"name":"wp","href":"https:\/\/api.w.org\/{rel}","templated":true}]}}