{"id":1457,"date":"2024-06-15T11:49:31","date_gmt":"2024-06-15T09:49:31","guid":{"rendered":"https:\/\/concess.transport-manager.net\/mvmate\/?page_id=1457"},"modified":"2024-06-30T16:42:41","modified_gmt":"2024-06-30T14:42:41","slug":"a-la-une-2eme-trimestre-2024","status":"publish","type":"page","link":"https:\/\/concess.transport-manager.net\/mvmate\/bienvenue-chez-mv-mate\/a-la-une-2eme-trimestre-2024\/","title":{"rendered":"A la Une &#8211; 2\u00e9me trimestre 2024"},"content":{"rendered":"\n<p>Chers joueurs &amp; clients MV Mate,<br><br>Le second num\u00e9ro pour les information du 2\u00e9me trimestre viens de s&rsquo;achever !<br>Faisons un petit point sur ce qu&rsquo;il sais passer sur c&rsquo;est trois dernier mois dans votre concession !<\/p>\n\n\n\n<p><strong>En avril<\/strong> : &#8212;<br><br><strong>En mai<\/strong> : D\u00e9but du retrait des v\u00e9hicules de location qui on plus de 2 ans, fin de retrait des v\u00e9hicules restant estim\u00e9 pour octobre. Pr\u00e9paration de vente de ces v\u00e9hicules \ud83d\ude42<\/p>\n\n\n\n<p><strong>En juin<\/strong> : Je tiens tout d&rsquo;abord \u00e0 remercier tr\u00e8s chaleureusement LG qui durant 3 semaines, il a tenu la concession avec brio ! Alors merci \u00e0 toi cher coll\u00e8gue pour ta disponibilit\u00e9 et soutien jusqu&rsquo;\u00e0 bout \ud83d\ude42<br>Pour des raisons professionnels, je n&rsquo;ai pu \u00eatre pr\u00e9sent.<br>D\u00e9but des soldes avec 13 devis en 4 jours ! Alors n&rsquo;h\u00e9siter pas car se n&rsquo;est pas fini, vous avez jusqu&rsquo;au 23 juillet 2024 pour en profiter !<br><br>En chiffre, les ventes du second trimestre !<br><\/p>\n\n\n\n<figure class=\"wp-block-image size-large is-resized\"><img loading=\"lazy\" decoding=\"async\" width=\"1024\" height=\"299\" src=\"https:\/\/concess.transport-manager.net\/mvmate\/wp-content\/uploads\/sites\/7\/2024\/06\/Sans-titre-1-1024x299.png\" alt=\"\" class=\"wp-image-1473\" style=\"width:904px;height:auto\" srcset=\"https:\/\/concess.transport-manager.net\/mvmate\/wp-content\/uploads\/sites\/7\/2024\/06\/Sans-titre-1-1024x299.png 1024w, https:\/\/concess.transport-manager.net\/mvmate\/wp-content\/uploads\/sites\/7\/2024\/06\/Sans-titre-1-300x88.png 300w, https:\/\/concess.transport-manager.net\/mvmate\/wp-content\/uploads\/sites\/7\/2024\/06\/Sans-titre-1-768x224.png 768w, https:\/\/concess.transport-manager.net\/mvmate\/wp-content\/uploads\/sites\/7\/2024\/06\/Sans-titre-1-1536x448.png 1536w, https:\/\/concess.transport-manager.net\/mvmate\/wp-content\/uploads\/sites\/7\/2024\/06\/Sans-titre-1.png 1645w\" sizes=\"auto, (max-width: 1024px) 100vw, 1024px\" \/><\/figure>\n\n\n\n<p>Comparer \u00e0 T1, + 45 v\u00e9hicules en plus de livr\u00e9e au joueur (\u2197 6,9 %),<br>Merci \u00e0 vous pour vos achats et votre fid\u00e9lit\u00e9 !<br><br>Le v\u00e9hicule le plus vendu en Standard est le Man Lion&rsquo;s City 12 Hybride avec 116 unit\u00e9s vendus contre 55 pour le 1er trimestre (\u2197 110 %)<br>Le v\u00e9hicule le plus vendu en Articul\u00e9 sont ex aequo le MAN Lion&rsquo;s City 18 G EfficientHybrid et le Man Lion&rsquo;s City 18 E avec 56 unit\u00e9s vendu chacun.<br><br>On se retrouve en octobre pour le 3\u00e9me num\u00e9ro \ud83d\ude09<\/p>\n","protected":false},"excerpt":{"rendered":"<p>Chers joueurs &amp; clients MV Mate, Le second num\u00e9ro pour les information du 2\u00e9me trimestre viens de s&rsquo;achever !Faisons un petit point sur ce qu&rsquo;il sais passer sur c&rsquo;est trois dernier mois dans votre concession ! En avril : &#8212; En mai : D\u00e9but du retrait des v\u00e9hicules de location [&hellip;]<\/p>\n","protected":false},"author":22,"featured_media":0,"parent":13,"menu_order":2,"comment_status":"closed","ping_status":"closed","template":"","meta":{"footnotes":""},"class_list":["post-1457","page","type-page","status-publish","hentry"],"_links":{"self":[{"href":"https:\/\/concess.transport-manager.net\/mvmate\/wp-json\/wp\/v2\/pages\/1457","targetHints":{"allow":["GET"]}}],"collection":[{"href":"https:\/\/concess.transport-manager.net\/mvmate\/wp-json\/wp\/v2\/pages"}],"about":[{"href":"https:\/\/concess.transport-manager.net\/mvmate\/wp-json\/wp\/v2\/types\/page"}],"author":[{"embeddable":true,"href":"https:\/\/concess.transport-manager.net\/mvmate\/wp-json\/wp\/v2\/users\/22"}],"replies":[{"embeddable":true,"href":"https:\/\/concess.transport-manager.net\/mvmate\/wp-json\/wp\/v2\/comments?post=1457"}],"version-history":[{"count":6,"href":"https:\/\/concess.transport-manager.net\/mvmate\/wp-json\/wp\/v2\/pages\/1457\/revisions"}],"predecessor-version":[{"id":1477,"href":"https:\/\/concess.transport-manager.net\/mvmate\/wp-json\/wp\/v2\/pages\/1457\/revisions\/1477"}],"up":[{"embeddable":true,"href":"https:\/\/concess.transport-manager.net\/mvmate\/wp-json\/wp\/v2\/pages\/13"}],"wp:attachment":[{"href":"https:\/\/concess.transport-manager.net\/mvmate\/wp-json\/wp\/v2\/media?parent=1457"}],"curies":[{"name":"wp","href":"https:\/\/api.w.org\/{rel}","templated":true}]}}