{"id":29,"date":"2021-08-15T23:01:28","date_gmt":"2021-08-15T21:01:28","guid":{"rendered":"https:\/\/concess.transport-manager.net\/solaris\/?page_id=29"},"modified":"2022-01-27T21:15:02","modified_gmt":"2022-01-27T20:15:02","slug":"ventes-flash","status":"publish","type":"page","link":"https:\/\/concess.transport-manager.net\/solaris\/ventes-flash\/","title":{"rendered":"Ventes flash"},"content":{"rendered":"\n<p>Une livraison imm\u00e9diate, des bus \u00e0 prix cass\u00e9s, des bus de tout \u00e2ge, toute marque, tout \u00e9tat, un paiement comptant. <strong>C&rsquo;est \u00e7a une VENTE FLASH SOLARIS <\/strong><\/p>\n\n\n\n<p>Les ventes flash seront bient\u00f4t de retour, soyez patients \ud83d\ude09<\/p>\n","protected":false},"excerpt":{"rendered":"<p>Une livraison imm\u00e9diate, des bus \u00e0 prix cass\u00e9s, des bus de tout \u00e2ge, toute marque, tout \u00e9tat, un paiement comptant. C&rsquo;est \u00e7a une VENTE FLASH SOLARIS Les ventes flash seront bient\u00f4t de retour, soyez patients \ud83d\ude09<\/p>\n","protected":false},"author":11,"featured_media":0,"parent":0,"menu_order":0,"comment_status":"closed","ping_status":"closed","template":"","meta":{"footnotes":""},"class_list":["post-29","page","type-page","status-publish","hentry"],"_links":{"self":[{"href":"https:\/\/concess.transport-manager.net\/solaris\/wp-json\/wp\/v2\/pages\/29","targetHints":{"allow":["GET"]}}],"collection":[{"href":"https:\/\/concess.transport-manager.net\/solaris\/wp-json\/wp\/v2\/pages"}],"about":[{"href":"https:\/\/concess.transport-manager.net\/solaris\/wp-json\/wp\/v2\/types\/page"}],"author":[{"embeddable":true,"href":"https:\/\/concess.transport-manager.net\/solaris\/wp-json\/wp\/v2\/users\/11"}],"replies":[{"embeddable":true,"href":"https:\/\/concess.transport-manager.net\/solaris\/wp-json\/wp\/v2\/comments?post=29"}],"version-history":[{"count":3,"href":"https:\/\/concess.transport-manager.net\/solaris\/wp-json\/wp\/v2\/pages\/29\/revisions"}],"predecessor-version":[{"id":253,"href":"https:\/\/concess.transport-manager.net\/solaris\/wp-json\/wp\/v2\/pages\/29\/revisions\/253"}],"wp:attachment":[{"href":"https:\/\/concess.transport-manager.net\/solaris\/wp-json\/wp\/v2\/media?parent=29"}],"curies":[{"name":"wp","href":"https:\/\/api.w.org\/{rel}","templated":true}]}}