{"id":3420,"date":"2025-02-10T00:15:05","date_gmt":"2025-02-09T23:15:05","guid":{"rendered":"https:\/\/concess.transport-manager.net\/vdi\/?page_id=3420"},"modified":"2026-02-01T20:42:18","modified_gmt":"2026-02-01T19:42:18","slug":"le-sav","status":"publish","type":"page","link":"https:\/\/concess.transport-manager.net\/vdi\/le-sav\/","title":{"rendered":"Le SAV"},"content":{"rendered":"\n<figure class=\"wp-block-image alignwide size-large\"><img loading=\"lazy\" decoding=\"async\" width=\"1024\" height=\"273\" src=\"https:\/\/concess.transport-manager.net\/vdi\/wp-content\/uploads\/sites\/6\/2025\/03\/SAV-1-1024x273.png\" alt=\"\" class=\"wp-image-3466\" srcset=\"https:\/\/concess.transport-manager.net\/vdi\/wp-content\/uploads\/sites\/6\/2025\/03\/SAV-1-1024x273.png 1024w, https:\/\/concess.transport-manager.net\/vdi\/wp-content\/uploads\/sites\/6\/2025\/03\/SAV-1-300x80.png 300w, https:\/\/concess.transport-manager.net\/vdi\/wp-content\/uploads\/sites\/6\/2025\/03\/SAV-1-768x204.png 768w, https:\/\/concess.transport-manager.net\/vdi\/wp-content\/uploads\/sites\/6\/2025\/03\/SAV-1-1536x409.png 1536w, https:\/\/concess.transport-manager.net\/vdi\/wp-content\/uploads\/sites\/6\/2025\/03\/SAV-1-1200x319.png 1200w, https:\/\/concess.transport-manager.net\/vdi\/wp-content\/uploads\/sites\/6\/2025\/03\/SAV-1.png 1811w\" sizes=\"auto, (max-width: 1024px) 100vw, 1024px\" \/><\/figure>\n\n\n\n<p>Depuis le <strong>10 f\u00e9vrier 2025<\/strong>, notre politique de garantie et de SAV a \u00e9volu\u00e9 pour vous offrir une couverture encore plus compl\u00e8te et un service de qualit\u00e9 sup\u00e9rieure.<\/p>\n\n\n\n<div class=\"wp-block-buttons alignwide is-content-justification-center is-layout-flex wp-container-core-buttons-is-layout-16018d1d wp-block-buttons-is-layout-flex\">\n<div class=\"wp-block-button\"><a class=\"wp-block-button__link wp-element-button\" href=\"https:\/\/forum.transport-manager.net\/thread-17918.html\">Faire une demande de Sav<\/a><\/div>\n<\/div>\n\n\n\n<h4 class=\"wp-block-heading has-text-align-center\"><strong>Notre Garantie Am\u00e9lior\u00e9e<\/strong><\/h4>\n\n\n\n<p>Nous avons \u00e9largi notre garantie pour vous offrir davantage de remboursement et de tranquillit\u00e9 d&rsquo;esprit. Cette nouvelle garantie inclut un meilleur service et une couverture \u00e9tendue pour mieux r\u00e9pondre \u00e0 vos besoins.<\/p>\n\n\n\n<h4 class=\"wp-block-heading has-text-align-center\"><strong>Le service Premium By VDI<\/strong><\/h4>\n\n\n\n<p>Profitez d&rsquo;un <strong>service Premium<\/strong> et b\u00e9n\u00e9ficier de :<\/p>\n\n\n\n<ul class=\"wp-block-list\">\n<li><strong>Remboursement de toute les pannes <\/strong>ainsi que les consommables et refus de CT<strong> <\/strong>(hormis accident et acte de malveillance)<\/li>\n\n\n\n<li><strong>Remboursement ou prise en charge du v\u00e9hicule jusqu&rsquo;\u00e0 un \u00e9tat moteur de 0%<\/strong> (inclus). Auparavant 35%<\/li>\n\n\n\n<li><strong>Assistance d\u00e9di\u00e9e<\/strong> \u00e0 vos besoins sp\u00e9cifiques<\/li>\n<\/ul>\n\n\n\n<p>Ce service est con\u00e7u pour vous offrir la meilleure exp\u00e9rience, avec des solutions adapt\u00e9es \u00e0 chaque situation et un suivi personnalis\u00e9.<\/p>\n\n\n\n<h4 class=\"wp-block-heading has-text-align-center\"><strong>D&rsquo;autre changement ?<\/strong><\/h4>\n\n\n\n<ul class=\"wp-block-list\">\n<li><strong>R\u00e9parations effectu\u00e9es dans nos ateliers<\/strong> certifi\u00e9s \u00e0 partir de 2 jours d&rsquo;immobilisation*<\/li>\n\n\n\n<li><strong>Pr\u00eat d&rsquo;un v\u00e9hicule de remplacement<\/strong> \u00e0 partir de 2 jours d&rsquo;immobilisation.*<\/li>\n\n\n\n<li><strong>S\u00e9r\u00e9nit\u00e9<\/strong> : Pas d&rsquo;entretien ? Pas grave, cela ne compte pas chez nous !<\/li>\n<\/ul>\n\n\n\n<p>Pour toute question ou demande de service, contactez nous et b\u00e9n\u00e9ficiez de notre expertise et de notre engagement \u00e0 vous satisfaire.<\/p>\n\n\n\n<p>*Plus d&rsquo;information dans le document d&rsquo;information l\u00e9gale sur le SAV et les garanties.<\/p>\n\n\n\n<div data-wp-interactive=\"core\/file\" class=\"wp-block-file\"><object data-wp-bind--hidden=\"!state.hasPdfPreview\" hidden class=\"wp-block-file__embed\" data=\"https:\/\/concess.transport-manager.net\/vdi\/wp-content\/uploads\/sites\/6\/2026\/02\/INFOLEGSAV.pdf\" type=\"application\/pdf\" style=\"width:100%;height:600px\" aria-label=\"Contenu embarqu\u00e9 INFOLEGSAV.\"><\/object><a id=\"wp-block-file--media-ab47a4d7-39f7-432c-a603-59fbcf0b8872\" href=\"https:\/\/concess.transport-manager.net\/vdi\/wp-content\/uploads\/sites\/6\/2026\/02\/INFOLEGSAV.pdf\">INFOLEGSAV<\/a><a href=\"https:\/\/concess.transport-manager.net\/vdi\/wp-content\/uploads\/sites\/6\/2026\/02\/INFOLEGSAV.pdf\" class=\"wp-block-file__button wp-element-button\" download aria-describedby=\"wp-block-file--media-ab47a4d7-39f7-432c-a603-59fbcf0b8872\">T\u00e9l\u00e9charger<\/a><\/div>\n","protected":false},"excerpt":{"rendered":"<p>Depuis le 10 f\u00e9vrier 2025, notre politique de garantie et de SAV a \u00e9volu\u00e9 pour vous offrir une couverture encore plus compl\u00e8te et un service de qualit\u00e9 sup\u00e9rieure. Notre Garantie Am\u00e9lior\u00e9e Nous avons \u00e9largi notre garantie pour vous offrir davantage de remboursement et de tranquillit\u00e9 d&rsquo;esprit. Cette nouvelle garantie inclut un meilleur service et une [&hellip;]<\/p>\n","protected":false},"author":28,"featured_media":0,"parent":0,"menu_order":0,"comment_status":"closed","ping_status":"closed","template":"","meta":{"footnotes":""},"class_list":["post-3420","page","type-page","status-publish","hentry"],"_links":{"self":[{"href":"https:\/\/concess.transport-manager.net\/vdi\/wp-json\/wp\/v2\/pages\/3420","targetHints":{"allow":["GET"]}}],"collection":[{"href":"https:\/\/concess.transport-manager.net\/vdi\/wp-json\/wp\/v2\/pages"}],"about":[{"href":"https:\/\/concess.transport-manager.net\/vdi\/wp-json\/wp\/v2\/types\/page"}],"author":[{"embeddable":true,"href":"https:\/\/concess.transport-manager.net\/vdi\/wp-json\/wp\/v2\/users\/28"}],"replies":[{"embeddable":true,"href":"https:\/\/concess.transport-manager.net\/vdi\/wp-json\/wp\/v2\/comments?post=3420"}],"version-history":[{"count":7,"href":"https:\/\/concess.transport-manager.net\/vdi\/wp-json\/wp\/v2\/pages\/3420\/revisions"}],"predecessor-version":[{"id":3922,"href":"https:\/\/concess.transport-manager.net\/vdi\/wp-json\/wp\/v2\/pages\/3420\/revisions\/3922"}],"wp:attachment":[{"href":"https:\/\/concess.transport-manager.net\/vdi\/wp-json\/wp\/v2\/media?parent=3420"}],"curies":[{"name":"wp","href":"https:\/\/api.w.org\/{rel}","templated":true}]}}

<figure class="wp-block-image alignwide size-large"><img loading="lazy" decoding="async" width="1024" height="273" src="https://concess.transport-manager.net/vdi/wp-content/uploads/sites/6/2025/03/SAV-1-1024x273.png" alt="" class="wp-image-3466" srcset="https://concess.transport-manager.net/vdi/wp-content/uploads/sites/6/2025/03/SAV-1-1024x273.png 1024w, https://concess.transport-manager.net/vdi/wp-content/uploads/sites/6/2025/03/SAV-1-300x80.png 300w, https://concess.transport-manager.net/vdi/wp-content/uploads/sites/6/2025/03/SAV-1-768x204.png 768w, https://concess.transport-manager.net/vdi/wp-content/uploads/sites/6/2025/03/SAV-1-1536x409.png 1536w, https://concess.transport-manager.net/vdi/wp-content/uploads/sites/6/2025/03/SAV-1-1200x319.png 1200w, https://concess.transport-manager.net/vdi/wp-content/uploads/sites/6/2025/03/SAV-1.png 1811w" sizes="auto, (max-width: 1024px) 100vw, 1024px" /></figure>



<p>Depuis le <strong>10 février 2025</strong>, notre politique de garantie et de SAV a évolué pour vous offrir une couverture encore plus complète et un service de qualité supérieure.</p>



<div class="wp-block-buttons alignwide is-content-justification-center is-layout-flex wp-container-core-buttons-is-layout-16018d1d wp-block-buttons-is-layout-flex">
<div class="wp-block-button"><a class="wp-block-button__link wp-element-button" href="https://forum.transport-manager.net/thread-17918.html">Faire une demande de Sav</a></div>
</div>



<h4 class="wp-block-heading has-text-align-center"><strong>Notre Garantie Améliorée</strong></h4>



<p>Nous avons élargi notre garantie pour vous offrir davantage de remboursement et de tranquillité d&rsquo;esprit. Cette nouvelle garantie inclut un meilleur service et une couverture étendue pour mieux répondre à vos besoins.</p>



<h4 class="wp-block-heading has-text-align-center"><strong>Le service Premium By VDI</strong></h4>



<p>Profitez d&rsquo;un <strong>service Premium</strong> et bénéficier de :</p>



<ul class="wp-block-list">
<li><strong>Remboursement de toute les pannes </strong>ainsi que les consommables et refus de CT<strong> </strong>(hormis accident et acte de malveillance)</li>



<li><strong>Remboursement ou prise en charge du véhicule jusqu&rsquo;à un état moteur de 0%</strong> (inclus). Auparavant 35%</li>



<li><strong>Assistance dédiée</strong> à vos besoins spécifiques</li>
</ul>



<p>Ce service est conçu pour vous offrir la meilleure expérience, avec des solutions adaptées à chaque situation et un suivi personnalisé.</p>



<h4 class="wp-block-heading has-text-align-center"><strong>D&rsquo;autre changement ?</strong></h4>



<ul class="wp-block-list">
<li><strong>Réparations effectuées dans nos ateliers</strong> certifiés à partir de 2 jours d&rsquo;immobilisation*</li>



<li><strong>Prêt d&rsquo;un véhicule de remplacement</strong> à partir de 2 jours d&rsquo;immobilisation.*</li>



<li><strong>Sérénité</strong> : Pas d&rsquo;entretien ? Pas grave, cela ne compte pas chez nous !</li>
</ul>



<p>Pour toute question ou demande de service, contactez nous et bénéficiez de notre expertise et de notre engagement à vous satisfaire.</p>



<p>*Plus d&rsquo;information dans le document d&rsquo;information légale sur le SAV et les garanties.</p>



<div data-wp-interactive="core/file" class="wp-block-file"><object data-wp-bind--hidden="!state.hasPdfPreview" hidden class="wp-block-file__embed" data="https://concess.transport-manager.net/vdi/wp-content/uploads/sites/6/2026/02/INFOLEGSAV.pdf" type="application/pdf" style="width:100%;height:600px" aria-label="Contenu embarqué INFOLEGSAV."></object><a id="wp-block-file--media-ab47a4d7-39f7-432c-a603-59fbcf0b8872" href="https://concess.transport-manager.net/vdi/wp-content/uploads/sites/6/2026/02/INFOLEGSAV.pdf">INFOLEGSAV</a><a href="https://concess.transport-manager.net/vdi/wp-content/uploads/sites/6/2026/02/INFOLEGSAV.pdf" class="wp-block-file__button wp-element-button" download aria-describedby="wp-block-file--media-ab47a4d7-39f7-432c-a603-59fbcf0b8872">Télécharger</a></div>

<p>Depuis le 10 février 2025, notre politique de garantie et de SAV a évolué pour vous offrir une couverture encore plus complète et un service de qualité supérieure. Notre Garantie Améliorée Nous avons élargi notre garantie pour vous offrir davantage de remboursement et de tranquillité d&rsquo;esprit. Cette nouvelle garantie inclut un meilleur service et une [&hellip;]</p>
